 of 1 and l.
1
Let g = -128 - -133. Suppose 20 = 2*k + 2*k. Calculate the highest common factor of g and k.
5
Let t(y) = y**3 - 4*y**2 - 12*y + 14. Let g be t(6). Calculate the highest common factor of g and 63.
7
Suppose -m - 4 + 76 = 0. Suppose 3*r = -r + 32. Calculate the highest common factor of r and m.
8
Suppose 949 = 9*l - 572. What is the greatest common divisor of 13 and l?
13
Let m(b) = -b + 15. Let u be m(11). Let q(v) = 4*v**2 - 6*v - 5. Let g be q(u). What is the highest common divisor of 14 and g?
7
Let a(i) = i**2 + 4*i + 4. Let l(n) = -n**2 + n - 1. Let v(p) = a(p) + 2*l(p). Let t be v(5). Calculate the greatest common divisor of 49 and t.
7
Let v be ((-7)/(-4))/((-1)/(-12)). Let n be 2*1 + 5/5. Calculate the greatest common divisor of n and v.
3
Let z = 105 + -96. Calculate the greatest common divisor of z and 1.
1
Suppose 28 = -3*n - n. Let c be 4/4 - n*1. Calculate the greatest common divisor of 20 and c.
4
Let w(c) = 9*c - 3. Let y be w(7). Calculate the highest common factor of 40 and y.
20
Let u = 8 - 2. Suppose -2*v + u = -0*v. Let r be 4/18 + (-935)/(-45). What is the greatest common divisor of r and v?
3
Suppose -v - 96 = -3*v. Let b be 2 + -5 + (2 - 0). Let p be 79/5 - b/5. What is the highest common factor of v and p?
16
Let d = 11 - 56. Let s = 69 + 6. Let h = s + d. Calculate the greatest common divisor of 12 and h.
6
Suppose -9*q + 209 = -250. Calculate the greatest common divisor of 17 and q.
17
Let p be -4*(-30)/8 - 4. Calculate the greatest common divisor of p and 44.
11
Let i = 1 + -3. Let g be 4/i + 1 + -1. Let b be -2 - (-11 - (-3 - g)). What is the highest common divisor of 12 and b?
4
Suppose -4*y + 30 = -d, 2*y - 90 = -0*d + 3*d. Let o be (2 - -2) + d/(-3). Calculate the highest common divisor of 21 and o.
7
Suppose -2*y - 9 = z, -5*y + z - 24 = 4*z. Let g be 1/(((-3)/5)/y). Let i be g*(0 + (-12)/(-10)). Calculate the greatest common divisor of i and 4.
2
Let z = -15 - -33. Let m = 38 + 34. Calculate the greatest common factor of m and z.
18
Let n = -8 - -31. Calculate the highest common divisor of n and 253.
23
Let b = -37 + 50. What is the highest common factor of 13 and b?
13
Let m be 2/(-7) - 76/28. Let h(f) = f**3 + 4*f**2 - 2*f. Let g be h(m). What is the highest common divisor of g and 6?
3
Let v be (-6)/21 - (-23)/7. Suppose 13 + 8 = v*m. Let j be m/((-7)/2) - -24. Calculate the highest common divisor of j and 44.
22
Let s be (18/(-3))/((-3)/40). Suppose 26 - s = -w. Suppose 5*o = 17 + 13. Calculate the greatest common divisor of w and o.
6
Suppose 9 = -4*n + w - 6*w, 0 = 5*n - w + 33. Let o be 39/33 - n/(-33). Suppose o = -5*h + 16. Calculate the highest common divisor of h and 3.
3
Suppose -5352 = -13*i + 108. What is the greatest common divisor of 60 and i?
60
Suppose -248 = -5*r + 4*d, 4*r - 2*d = 106 + 90. What is the greatest common divisor of 120 and r?
24
Suppose -o + 3*o = 4. Let s be 2/4 - (-3)/o. Suppose -3*d - s*d + 327 = 4*b, b = 3*d + 103. What is the highest common factor of b and 22?
22
Let u = -448 - -756. Suppose 4*w = 0, -2*i - w = -0*w - u. Calculate the highest common factor of i and 22.
22
Let q(j) = j**3 - 5*j**2 + 10*j - 6. Let k be q(4). Calculate the greatest common factor of 9 and k.
9
Let i(w) = w**3 + 8*w**2 + 6*w + 9. Let k be i(-5). Calculate the greatest common divisor of 90 and k.
18
Let z = -19 - -47. What is the greatest common factor of 35 and z?
7
Let t be (1/(-4))/(1/(-52)). Let z = 9 + t. Calculate the greatest common factor of z and 2.
2
Let o be (4/6)/(8/84). Suppose 2*g = 6*g. Suppose g*m + 28 = m. What is the highest common factor of m and o?
7
Suppose -3*w - 53 = 2*w + 4*z, -24 = 2*w + 3*z. Let q be 191/3 + 6/w. Suppose 0 = -3*t + t + 14. Calculate the highest common divisor of t and q.
7
Suppose -u = -7*u + 60. What is the highest common divisor of 2 and u?
2
Suppose -2*j + 4*u + 325 = -113, 5*j + 2*u - 1035 = 0. What is the greatest common divisor of 11 and j?
11
Suppose 4*b - 2*x - 62 = 0, -4*b + 50 = -x - 15. Suppose d - 5 = 2*a - 4*a, 47 = 5*d - a. Let q = b - d. What is the greatest common factor of q and 32?
8
Let b = 126 - 54. Suppose -x + s = -6, -4*x + 3*s - s + 14 = 0. Let q be 40/15*3*x. What is the highest common factor of q and b?
8
Let a be (-20)/(-40)*(-1 - 13)*-9. What is the greatest common divisor of 21 and a?
21
Let w = -7 - -11. Suppose w*o - 4*v - 8 = v, -5*v = 3*o - 6. Calculate the greatest common divisor of o and 10.
2
Suppose 5*h = 5*m + 65, -h - 5*m = -0*m + 11. Calculate the greatest common divisor of 36 and h.
9
Let u(m) = 4*m**3 + 2*m**2 - 3*m + 1. Let d be u(2). Let s(o) = 4*o - 22. Let p be s(9). What is the greatest common factor of p and d?
7
Let h = -1 - -3. Let c be (3/h)/((-21)/28). Let n be c - -2 - -1 - 0. What is the highest common factor of n and 9?
1
Let u = 49 + -37. What is the greatest common divisor of 24 and u?
12
Let p = 56 - -120. What is the greatest common divisor of 22 and p?
22
Suppose -2*o = -h - 8 - 3, -4*h = 3*o. Let m(r) = r + 2 - 2*r**2 - 2*r**2 + 2*r**2 + r**3. Let i be m(2). What is the highest common factor of i and o?
4
Suppose j - 20 = -2*i + 31, 5*j - 21 = -i. Calculate the highest common divisor of i and 39.
13
Let v(c) be the first derivative of -c**3/3 + 11*c**2/2 - 4*c + 3. Let i be v(9). What is the highest common factor of 42 and i?
14
Suppose 0 = -2*g - g + 759. Let d be 2 - (-132)/(0 - -3). Suppose 6*o = 4*o + d. Calculate the highest common factor of o and g.
23
Suppose 2*m + 3*s = 45, 0 = 4*m - 0*m + 4*s - 88. Calculate the greatest common divisor of m and 7.
7
Let o(z) = 5*z**2 + 4*z + 2. Let h be 8/6*(-6)/4. Let m be o(h). Calculate the highest common factor of m and 42.
14
Let i = 12 - 8. Suppose -k = 2*v - 4 - 4, 5*k - 3*v - 1 = 0. Suppose 180 = k*q + 3*q. What is the greatest common divisor of i and q?
4
Let x = 9 - 3. Suppose 447 = 5*n + 3*m, 0 = -n + 6*n - 3*m - 453. Let l = -42 + n. What is the highest common divisor of l and x?
6
Let g(h) = h**2 + 3*h. Let w be g(3). Let q(d) = d**2 - 8*d + 9. Let o be q(8). Calculate the greatest common factor of w and o.
9
Let y = 124 - 82. Calculate the highest common divisor of y and 6.
6
Suppose 20 = 3*h - 7. Let k(u) = -u**3 - 8*u**2 - 9*u. Let p be k(-8). What is the greatest common divisor of p and h?
9
Let w = 515 - 230. Calculate the highest common factor of w and 114.
57
Let r = 29 + -1. Suppose -5*f + 667 = 247. Calculate the greatest common divisor of f and r.
28
Let c be (-28)/(-2)*(-75)/(-70)*4. Calculate the highest common factor of c and 540.
60
Let r = -37 - -25. Let l be (-333)/(-5) - r/(-20). What is the greatest common divisor of 6 and l?
6
Suppose 166 + 42 = 2*i - 2*m, 5*i - 500 = m. Calculate the greatest common factor of i and 9.
9
Suppose 2*s - 250 = -2*s + 2*j, -2*j - 10 = 0. Suppose -4*g = -31 - 17. What is the greatest common divisor of g and s?
12
Suppose -39 = 4*l + l - 3*u, 3*l + 15 = -u. Let h = l - -6. Let x be -96*(h - (-9)/(-12)). What is the highest common divisor of 9 and x?
9
Let o be (-84)/(-10)*(0 - 80/(-12)). What is the highest common divisor of 14 and o?
14
Let g(x) = -x**2 - 2*x + 5. Let q(t) = 2*t**2 + 4*t - 11. Let j(f) = 5*g(f) + 3*q(f). Let k be j(6). Calculate the highest common divisor of k and 16.
8
Let t(g) = g**3 + g**2 - g - 4. Let f be t(4). Calculate the greatest common divisor of 8 and f.
8
Let t be (2 - 2)/(0 - -2). Suppose -2*d = -4*o - 20, t = 3*d + 3*o - 6*o - 39. Suppose 10*l = 6*l + 8. Calculate the highest common factor of l and d.
2
Let v(u) = 5*u**3 - u**2 + 2*u + 1. Let i be v(3). Let p = -3 - -3. Let q(g) = g**2 + 19. Let d be q(p). Calculate the greatest common factor of d and i.
19
Suppose 3*k + 7 = -3*v + 19, -3*k + 14 = 4*v. Suppose j + k = 0, 0*y - 5*j = y + 4. Suppose -3*h - 6 = -y*h. What is the highest common divisor of 2 and h?
2
Let s(m) be the second derivative of -13*m**3/6 - 2*m**2 + 3*m. Let i be s(-3). What is the highest common factor of 5 and i?
5
Suppose -30 = b - 6*b. Suppose 145 = 5*s + 5*n, -3*s + 6*n - 4*n = -92. What is the greatest common factor of b and s?
6
Let m(i) be the second derivative of -4*i + 0*i**2 + 1/3*i**3 - 1/3*i**4 + 0 + 3/20*i**5. Let t be m(2). Calculate the highest common divisor of t and 12.
12
Let d be -3 + (30 + 4)/2. Calc